y 44.
36
Calculate the remainder when 4135 is divided by 9.
4
What is the remainder when 142 is divided by 44?
10
What is the remainder when 46 is divided by 37?
9
What is the remainder when 112 is divided by 52?
8
What is the remainder when 67 is divided by 4?
3
Calculate the remainder when 66 is divided by 7.
3
Calculate the remainder when 3637 is divided by 135.
127
What is the remainder when 37 is divided by 17?
3
What is the remainder when 3795 is divided by 8?
3
Calculate the remainder when 5249 is divided by 61.
3
Calculate the remainder when 5002 is divided by 55.
52
What is the remainder when 48 is divided by 10?
8
What is the remainder when 182 is divided by 20?
2
Calculate the remainder when 1974 is divided by 76.
74
Calculate the remainder when 573 is divided by 138.
21
What is the remainder when 9868 is divided by 141?
139
What is the remainder when 200 is divided by 61?
17
What is the remainder when 177 is divided by 6?
3
Calculate the remainder when 2097 is divided by 42.
39
What is the remainder when 960 is divided by 69?
63
What is the remainder when 282 is divided by 72?
66
What is the remainder when 551 is divided by 69?
68
What is the remainder when 70 is divided by 3?
1
What is the remainder when 1557 is divided by 50?
7
What is the remainder when 714 is divided by 90?
84
What is the remainder when 35871 is divided by 152?
151
Calculate the remainder when 9720 is divided by 18.
0
Calculate the remainder when 6168 is divided by 3083.
2
Calculate the remainder when 153 is divided by 27.
18
What is the remainder when 4176 is divided by 522?
0
What is the remainder when 43 is divided by 26?
17
What is the remainder when 30 is divided by 11?
8
What is the remainder when 3379 is divided by 147?
145
What is the remainder when 662 is divided by 39?
38
What is the remainder when 170 is divided by 25?
20
What is the remainder when 11085 is divided by 13?
9
What is the remainder when 30243 is divided by 149?
145
Calculate the remainder when 299 is divided by 34.
27
What is the remainder when 1244 is divided by 621?
2
Calculate the remainder when 6425 is divided by 34.
33
Calculate the remainder when 229 is divided by 29.
26
Calculate the remainder when 2012 is divided by 47.
38
What is the remainder when 253 is divided by 65?
58
What is the remainder when 65 is divided by 29?
7
What is the remainder when 533 is divided by 173?
14
What is the remainder when 12529 is divided by 179?
178
Calculate the remainder when 191 is divided by 76.
39
Calculate the remainder when 2044 is divided by 11.
9
Calculate the remainder when 77 is divided by 23.
8
What is the remainder when 31 is divided by 10?
1
Calculate the remainder when 124 is divided by 58.
8
Calculate the remainder when 753 is divided by 262.
229
What is the remainder when 16031 is divided by 19?
14
Calculate the remainder when 191 is divided by 48.
47
Calculate the remainder when 334 is divided by 49.
40
What is the remainder when 145 is divided by 49?
47
What is the remainder when 147 is divided by 67?
13
Calculate the remainder when 159 is divided by 3.
0
What is the remainder when 75 is divided by 50?
25
What is the remainder when 57 is divided by 22?
13
Calculate the remainder when 25090 is divided by 204.
202
What is the remainder when 131 is divided by 6?
5
Calculate the remainder when 248 is divided by 28.
24
Calculate the remainder when 58 is divided by 25.
8
Calculate the remainder when 992 is divided by 489.
14
What is the remainder when 215 is divided by 11?
6
What is the remainder when 2186 is divided by 721?
23
Calculate the remainder when 346 is divided by 60.
46
Calculate the remainder when 262 is divided by 69.
55
Calculate the remainder when 554 is divided by 9.
5
What is the remainder when 177 is divided by 13?
8
Calculate the remainder when 82 is divided by 48.
34
Calculate the remainder when 3110 is divided by 164.
158
Calculate the remainder when 216 is divided by 73.
70
What is the remainder when 645 is divided by 157?
17
What is the remainder when 177 is divided by 87?
3
Calculate the remainder when 1552 is divided by 74.
72
What is the remainder when 36 is divided by 25?
11
What is the remainder when 36 is divided by 13?
10
Calculate the remainder when 274 is divided by 46.
44
What is the remainder when 422 is divided by 25?
22
What is the remainder when 195 is divided by 88?
19
Calculate the remainder when 197 is divided by 25.
22
What is the remainder when 308 is divided by 61?
3
Calculate the remainder when 361 is divided by 80.
41
Calculate the remainder when 42 is divided by 22.
20
Calculate the remainder when 421 is divided by 106.
103
What is the remainder when 1740 is divided by 866?
8
Calculate the remainder when 1307 is divided by 47.
38
Calculate the remainder when 9942 is divided by 51.
48
Calculate the remainder when 145 is divided by 74.
71
What is the remainder when 174 is divided by 16?
14
What is the remainder when 101 is divided by 37?
27
Calculate the remainder when 550 is divided by 139.
133
What is the remainder when 1191 is divided by 201?
186
Calculate the remainder when 439 is divided by 215.
9
Calculate the remainder when 1136 is divided by 374.
14
Calculate the remainder when 2239 is divided by 38.
35
What is the remainder when 41 is divided by 7?
6
What is the remainder when 2062 is divided by 172?
170
Calculate the remainder when 1089 is divided by 28.
25
What is the remainder when 351 is divided by 17?
11
Calculate the remainder when 396 is divided by 19.
16
What is the remainder when 317 is divided by 147?
23
What is the remainder when 4475 is divided by 27?
20
What is the remainder when 1299 is divided by 271?
215
What is the remainder when 672 is divided by 45?
42
What is the remainder when 487 is divided by 106?
63
What is the remainder when 1587 is divided by 37?
33
What is the remainder when 246 is divided by 25?
21
What is the remainder when 428 is divided by 82?
18
What is the remainder when 215 is divided by 72?
71
Calculate the remainder when 569 is divided by 15.
14
What is the remainder when 476 is divided by 154?
14
What is the remainder when 37 is divided by 4?
1
Calculate the remainder when 388 is divided by 128.
4
Calculate the remainder when 823 is divided by 47.
24
Calculate the remainder when 129 is divided by 26.
25
Calculate the remainder when 52 is divided by 24.
4
Calculate the remainder when 184 is divided by 31.
29
What is the remainder when 340 is divided by 38?
36
Calculate the remainder when 48 is divided by 43.
5
What is the remainder when 33 is divided by 9?
6
What is the remainder when 565 is divided by 73?
54
Calculate the remainder when 131 is divided by 53.
25
Calculate the remainder when 903 is divided by 902.
1
Calculate the remainder when 269 is divided by 148.
121
Calculate the remainder when 36 is divided by 15.
6
Calculate the remainder when 867 is divided by 30.
27
Calculate the remainder when 44 is divided by 27.
17
Calculate the remainder when 324 is divided by 315.
9
What is the remainder when 946 is divided by 93?
16
What is the remainder when 5364 is divided by 38?
6
What is the remainder when 170 is divided by 35?
30
What is the remainder when 10536 is divided by 14?
8
What is the remainder when 96 is divided by 89?
7
What is the remainder when 537 is divided by 10?
7
Calculate the remainder when 148 is divided by 30.
28
What is the remainder when 776 is divided by 312?
152
Calculate the remainder when 2244 is divided by 21.
18
Calculate the remainder when 618 is divided by 315.
303
What is the remainder when 5245 is divided by 16?
13
Calculate the remainder when 10125 is divided by 13.
11
What is the remainder when 694 is divided by 67?
24
What is the remainder when 1345 is divided by 40?
25
What is the remainder when 5957 is divided by 18?
17
What is the remainder when 132 is divided by 67?
65
What is the remainder when 284 is divided by 75?
59
What is the remainder when 1857 is divided by 13?
11
What is the remainder when 118 is divided by 29?
2
Calculate the remainder when 176 is divided by 90.
86
What is the remainder when 100 is divided by 69?
31
Calculate the remainder when 178 is divided by 53.
19
What is the remainder when 2108 is divided by 132?
128
What is the remaind